 remainder when 256278 is divided by 344?
342
Calculate the remainder when 79783 is divided by 39888.
7
Calculate the remainder when 1051722 is divided by 111.
108
Calculate the remainder when 4177192 is divided by 265.
262
Calculate the remainder when 1266158 is divided by 20.
18
Calculate the remainder when 1013 is divided by 1013.
0
What is the remainder when 19080 is divided by 518?
432
Calculate the remainder when 11893 is divided by 394.
73
What is the remainder when 10754 is divided by 140?
114
What is the remainder when 11441 is divided by 1791?
695
What is the remainder when 1894 is divided by 77?
46
Calculate the remainder when 9394 is divided by 383.
202
Calculate the remainder when 526873 is divided by 62.
59
Calculate the remainder when 2076 is divided by 140.
116
Calculate the remainder when 168486 is divided by 23.
11
Calculate the remainder when 1079 is divided by 472.
135
Calculate the remainder when 852533 is divided by 1747.
1744
What is the remainder when 41434 is divided by 358?
264
What is the remainder when 25427 is divided by 78?
77
What is the remainder when 12732 is divided by 6362?
8
What is the remainder when 661726 is divided by 741?
13
Calculate the remainder when 2849943 is divided by 8.
7
Calculate the remainder when 306 is divided by 142.
22
Calculate the remainder when 1574 is divided by 105.
104
What is the remainder when 1640 is divided by 152?
120
Calculate the remainder when 74546 is divided by 350.
346
Calculate the remainder when 32150 is divided by 120.
110
Calculate the remainder when 3533 is divided by 235.
8
Calculate the remainder when 87381 is divided by 3799.
4
Calculate the remainder when 3025 is divided by 677.
317
Calculate the remainder when 11112 is divided by 1234.
6
Calculate the remainder when 36127 is divided by 12022.
61
What is the remainder when 12726 is divided by 116?
82
Calculate the remainder when 2051322 is divided by 405.
402
What is the remainder when 76848 is divided by 160?
48
Calculate the remainder when 2064 is divided by 647.
123
What is the remainder when 51149 is divided by 22?
21
Calculate the remainder when 188119 is divided by 366.
361
Calculate the remainder when 1102 is divided by 109.
12
Calculate the remainder when 15495 is divided by 19.
10
What is the remainder when 29752 is divided by 87?
85
What is the remainder when 11533 is divided by 1153?
3
Calculate the remainder when 287668 is divided by 251.
22
Calculate the remainder when 10680 is divided by 89.
0
Calculate the remainder when 19706 is divided by 704.
698
Calculate the remainder when 17477 is divided by 189.
89
What is the remainder when 280835 is divided by 124?
99
What is the remainder when 240142 is divided by 8?
6
Calculate the remainder when 1050 is divided by 27.
24
What is the remainder when 3309 is divided by 276?
273
What is the remainder when 3752 is divided by 796?
568
What is the remainder when 15367 is divided by 26?
1
What is the remainder when 2137 is divided by 11?
3
Calculate the remainder when 11061 is divided by 9.
0
Calculate the remainder when 2599 is divided by 748.
355
Calculate the remainder when 1648 is divided by 59.
55
Calculate the remainder when 59638 is divided by 73.
70
What is the remainder when 2942 is divided by 368?
366
Calculate the remainder when 1618 is divided by 9.
7
Calculate the remainder when 619193 is divided by 371.
365
What is the remainder when 149692 is divided by 108?
4
What is the remainder when 42697 is divided by 80?
57
What is the remainder when 393656 is divided by 16?
8
What is the remainder when 1354857 is divided by 54?
51
Calculate the remainder when 101846 is divided by 16974.
2
Calculate the remainder when 12468 is divided by 185.
73
What is the remainder when 57121 is divided by 18855?
556
What is the remainder when 428 is divided by 49?
36
What is the remainder when 6040 is divided by 127?
71
What is the remainder when 1084 is divided by 1078?
6
What is the remainder when 20139 is divided by 630?
609
Calculate the remainder when 8555 is divided by 277.
245
Calculate the remainder when 1409 is divided by 67.
2
Calculate the remainder when 2343 is divided by 106.
11
Calculate the remainder when 2352 is divided by 1894.
458
What is the remainder when 62487 is divided by 253?
249
Calculate the remainder when 415028 is divided by 385.
383
Calculate the remainder when 22927 is divided by 11442.
43
What is the remainder when 34435 is divided by 11426?
157
What is the remainder when 208116 is divided by 64?
52
Calculate the remainder when 10722 is divided by 106.
16
Calculate the remainder when 12969 is divided by 518.
19
What is the remainder when 16962 is divided by 94?
42
Calculate the remainder when 76876 is divided by 38362.
152
What is the remainder when 66526 is divided by 7?
5
What is the remainder when 5238 is divided by 310?
278
What is the remainder when 36373 is divided by 37?
2
What is the remainder when 34043 is divided by 391?
26
What is the remainder when 3940 is divided by 177?
46
Calculate the remainder when 10875517 is divided by 9.
7
What is the remainder when 85723 is divided by 116?
115
Calculate the remainder when 2528 is divided by 258.
206
What is the remainder when 51052 is divided by 10171?
197
What is the remainder when 89897 is divided by 3329?
14
Calculate the remainder when 1500302 is divided by 104.
102
What is the remainder when 2301 is divided by 571?
17
What is the remainder when 399664 is divided by 35?
34
Calculate the remainder when 3085 is divided by 338.
43
What is the remainder when 56197 is divided by 493?
488
Calculate the remainder when 52263 is divided by 31.
28
What is the remainder when 696 is divided by 256?
184
Calculate the remainder when 6240 is divided by 1532.
112
What is the remainder when 65214 is divided by 1124?
22
Calculate the remainder when 4970 is divided by 613.
66
Calculate the remainder when 51456 is divided by 16.
0
Calculate the remainder when 148260 is divided by 25.
10
What is the remainder when 26878 is divided by 8953?
19
What is the remainder when 15087 is divided by 92?
91
Calculate the remainder when 114623 is divided by 20.
3
What is the remainder when 8617 is divided by 198?
103
What is the remainder when 461447 is divided by 163?
157
What is the remainder when 421874 is divided by 247?
245
Calculate the remainder when 5429 is divided by 19.
14
What is the remainder when 5379 is divided by 2677?
25
Calculate the remainder when 45541 is divided by 1059.
4
What is the remainder when 68327 is divided by 112?
7
What is the remainder when 31704 is divided by 288?
24
Calculate the remainder when 8210 is divided by 4.
2
What is the remainder when 175475 is divided by 21?
20
What is the remainder when 749084 is divided by 13?
11
Calculate the remainder when 9055 is divided by 259.
249
What is the remainder when 8950 is divided by 559?
6
What is the remainder when 18461 is divided by 2636?
9
What is the remainder when 77878 is divided by 8?
6
Calculate the remainder when 4936 is divided by 74.
52
What is the remainder when 7363677 is divided by 15?
12
Calculate the remainder when 3223 is divided by 459.
10
Calculate the remainder when 560 is divided by 282.
278
What is the remainder when 214 is divided by 195?
19
Calculate the remainder when 296 is divided by 50.
46
What is the remainder when 10819 is divided by 644?
515
What is the remainder when 6884 is divided by 177?
158
Calculate the remainder when 17127 is divided by 8549.
29
What is the remainder when 3336 is divided by 47?
46
What is the remainder when 16785 is divided by 5502?
279
Calculate the remainder when 1812 is divided by 532.
216
Calculate the remainder when 213 is divided by 42.
3
What is the remainder when 5582 is divided by 2750?
82
Calculate the remainder when 31960 is divided by 10589.
193
What is the remainder when 30723 is divided by 246?
219
Calculate the remainder when 10854 is divided by 10834.
20
Calculate the remainder when 20173 is divided by 504.
13
Calculate the remainder when 1353 is divided by 436.
45
What is the remainder when 19028 is divided by 573?
119
Calculate the remainder when 3624 is divided by 643.
409
What is the remainder when 1233 is divided by 38?
17
Calculate the remainder when 352929